6655337469?
3
What is the millions digit of 280229554?
0
What is the units digit of 11000202?
2
What is the tens digit of 3033490974?
7
What is the millions digit of 372999819?
2
What is the tens digit of 46150985?
8
What is the hundred thousands digit of 31913321?
9
What is the ten thousands digit of 462899823?
9
What is the billions digit of 1042018248?
1
What is the ten thousands digit of 3552944397?
4
What is the units digit of 37598220?
0
What is the ten thousands digit of 96422244?
2
What is the hundreds digit of 271247065?
0
What is the hundreds digit of 780677686?
6
What is the millions digit of 208889902?
8
What is the ten thousands digit of 11021245?
2
What is the ten millions digit of 792531602?
9
What is the hundred thousands digit of 1056394078?
3
What is the hundreds digit of 84876735?
7
What is the thousands digit of 48070558?
0
What is the hundreds digit of 433162?
1
What is the units digit of 1631379932?
2
What is the ten millions digit of 797477195?
9
What is the hundred thousands digit of 190101866?
1
What is the tens digit of 112486646?
4
What is the hundred thousands digit of 244732129?
7
What is the ten millions digit of 1826720685?
2
What is the ten millions digit of 31881625?
3
What is the hundred thousands digit of 386340283?
3
What is the hundreds digit of 20087512?
5
What is the hundreds digit of 83014122?
1
What is the hundred millions digit of 1409206832?
4
What is the ten thousands digit of 25181647?
8
What is the hundreds digit of 768185495?
4
What is the tens digit of 706224675?
7
What is the hundreds digit of 160929903?
9
What is the hundred millions digit of 1735009734?
7
What is the hundred thousands digit of 94778437?
7
What is the hundreds digit of 99134397?
3
What is the units digit of 771627800?
0
What is the hundreds digit of 4319289?
2
What is the tens digit of 223571721?
2
What is the tens digit of 76375806?
0
What is the hundred millions digit of 195043210?
1
What is the hundreds digit of 22789402?
4
What is the units digit of 85714074?
4
What is the hundred millions digit of 1124788121?
1
What is the ten thousands digit of 32102600?
0
What is the units digit of 364180528?
8
What is the hundred thousands digit of 3919045017?
0
What is the hundred millions digit of 773161895?
7
What is the tens digit of 1081226816?
1
What is the tens digit of 243507864?
6
What is the thousands digit of 3163864?
3
What is the hundred thousands digit of 250442026?
4
What is the tens digit of 389008265?
6
What is the hundred thousands digit of 2021785424?
7
What is the hundreds digit of 320445613?
6
What is the ten millions digit of 1831240269?
3
What is the ten thousands digit of 35888715?
8
What is the hundred thousands digit of 55975843?
9
What is the hundreds digit of 7010564064?
0
What is the thousands digit of 497011522?
1
What is the hundreds digit of 1934161027?
0
What is the hundred thousands digit of 199866436?
8
What is the millions digit of 983347784?
3
What is the hundred millions digit of 416061556?
4
What is the thousands digit of 10231744?
1
What is the ten thousands digit of 21167033?
6
What is the tens digit of 1261806929?
2
What is the hundred thousands digit of 1646647272?
6
What is the ten millions digit of 32490289?
3
What is the hundred thousands digit of 295431065?
4
What is the hundred thousands digit of 277079?
2
What is the hundred millions digit of 184473814?
1
What is the ten thousands digit of 6412779955?
7
What is the millions digit of 897021326?
7
What is the thousands digit of 604674576?
4
What is the ten thousands digit of 34081655?
8
What is the thousands digit of 484976303?
6
What is the units digit of 3382888767?
7
What is the hundred thousands digit of 246179317?
1
What is the millions digit of 81574829?
1
What is the hundred millions digit of 358372899?
3
What is the ten millions digit of 70018581?
7
What is the ten thousands digit of 192219223?
1
What is the ten millions digit of 107638228?
0
What is the hundred millions digit of 539128931?
5
What is the hundred millions digit of 1666299158?
6
What is the millions digit of 34714417?
4
What is the tens digit of 299984270?
7
What is the tens digit of 871916507?
0
What is the hundreds digit of 3243919455?
4
What is the ten thousands digit of 952368574?
6
What is the hundreds digit of 4106652917?
9
What is the hundred thousands digit of 42015279?
0
What is the hundreds digit of 39325374?
3
What is the hundreds digit of 3196368796?
7
What is the ten millions digit of 172463525?
7
What is the thousands digit of 173184175?
4
What is the millions digit of 417461119?
7
What is the ten thousands digit of 1234651638?
5
What is the tens digit of 22092317?
1
What is the hundreds digit of 2618225666?
6
What is the ten millions digit of 4554601980?
5
What is the tens digit of 348433962?
6
What is the hundred thousands digit of 48061448?
0
What is the millions digit of 3758283?
3
What is the ten millions digit of 1806225188?
0
What is the ten millions digit of 878917266?
7
What is the thousands digit of 120098500?
8
What is the ten millions digit of 79447716?
7
What is the tens digit of 63935611?
1
What is the thousands digit of 79058958?
8
What is the millions digit of 106463001?
6
What is the ten millions digit of 2821495727?
2
What is the ten millions digit of 3731670535?
3
What is the tens digit of 28397151?
5
What is the units digit of 2237051103?
3
What is the millions digit of 2545175?
2
What is the hundred thousands digit of 1968485392?
4
What is the hundreds digit of 586843290?
2
What is the ten thousands digit of 71985264?
8
What is the tens digit of 437770325?
2
What is the ten thousands digit of 208148134?
4
What is the tens digit of 135472190?
9
What is the thousands digit of 252480358?
0
What is the millions digit of 1611742659?
1
What is the ten thousands digit of 170442345?
4
What is the hundred millions digit of 6838157200?
8
What is the thousands digit of 451306203?
6
What is the ten millions digit of 644427964?
4
What is the tens digit of 40978293?
9
What is the hundreds digit of 40730795?
7
What is the billions digit of 1975077170?
1
What is the units digit of 164092801?
1
What is the ten thousands digit of 3900199254?
9
What is the tens digit of 883387577?
7
What is the millions digit of 823050123?
3
What is the hundreds digit of 45203317?
3
What is the hundreds digit of 22742138?
1
What is the units digit of 104415644?
4
What is the ten millions digit of 69232472?
6
What is the hundred millions digit of 304409973?
3
What is the hundreds digit of 305160904?
9
What is the units digit of 2735064827?
7
What is the millions digit of 92870734?
2
What is the units digit of 941426643?
3
What is the units digit of 1141900118?
8
What is the hundred thousands digit of 219058776?
0
What is the units digit of 273277029?
9
What is the thousands digit of 55332585?
2
What is the hundred thousands digit of 674978?
6
What is the hundreds digit of 2287991479?
4
What is the tens digit of 12054705?
0
What is the hundreds digit of 302727661?
6
What is the ten millions digit of 73710753?
7
What is the hundreds digit of 1187696635?
6
What is the ten thousands digit of 729119545?
1
What is the hundreds digit of 1809438688?
6
What is the hundred millions digit of 148403058?
1
What is the hundreds digit of 1887234830?
8
What is the hundreds digit of 1136171197?
1
What is the units digit of 220728513?
3
What is the hundreds digit of 2915190597?
5
What is the ten thousands digit of 3768836333?
3
What is the units digit of 60023039?
9
What is the units digit of 64926049?
9
What is the hundred millions digit of 1525102148?
5
What is the ten thousands digit of 968552961?
5
What is the millions digit of 52351246?
2
What is the hundreds digit of 40088181?
1
What is the hundreds digit of 30599450?
4
What is the thousands digit of 111230963?
0
What is the hundreds digit of 32869317?
3
What is the thousands digit of 682161947?
1
What is the hundred thousands digit of 2097746910?
7
What is the units digit of 160558652?
2
What is the units digit of 162058943?
3
What is the millions digit of 1259582048?
9
What is the thousands digit of 68518835?
8
What is the tens digit of 2369243702?
0
What is the units digit of 7750406?
6
What is the ten millions digit of 532